{"id":133,"date":"2019-08-07T14:09:17","date_gmt":"2019-08-07T12:09:17","guid":{"rendered":"http:\/\/bluehendes-igensdorf.de\/?page_id=133"},"modified":"2019-08-07T14:09:17","modified_gmt":"2019-08-07T12:09:17","slug":"tipps-fuer-bluehende-gaerten","status":"publish","type":"page","link":"http:\/\/bluehendes-igensdorf.de\/?page_id=133","title":{"rendered":"Tipps f\u00fcr bl\u00fchende G\u00e4rten"},"content":{"rendered":"\n<p>H\u00e4ufig werden wir gefragt, welches Saatgut oder welche Pflanzen f\u00fcr einen insektenfreundlichen Garten geeignet und wo diese zu bekommen sind. Nachfolgend eine kleine \u00dcbersicht, die sicher nicht vollst\u00e4ndig ist, aber als erste Orientierung dienen kann.<br>Wir erhalten von den genannten Firmen im \u00dcbrigen keinerlei Zuwendungen, die \u00dcbersicht ist bei unseren Recherchen zur Beschaffung von Saatgut und Pflanzen f\u00fcr unsere eigenen Fl\u00e4chen entstanden.<\/p>\n\n\n\n<h3 class=\"wp-block-heading\">Rieger-Hofmann<\/h3>\n\n\n\n<p>Bei <strong>Rieger-Hofmann<\/strong> (<a href=\"http:\/\/www.rieger-hofmann.de\">www.rieger-hofmann.de<\/a>) finden Sie Samen und Pflanzen gebietsheimischer Wildkr\u00e4uter und Wildgr\u00e4ser aus gesicherten Herk\u00fcnften. Auch wir haben Saatgut f\u00fcr unsere Bl\u00fchfl\u00e4chen dort bestellt.  <\/p>\n\n\n\n<p>Beliebte Mischung ist z.B. die &#8222;Bl\u00fchende Landschaft&#8220;, die f\u00fcr kr\u00e4ftige Bl\u00fchstreifen auf einem breiten Spektrum an B\u00f6den gut geeignet ist. Aber auch f\u00fcr spezielle Standortbedingungen werden Sie dort f\u00fcndig. <\/p>\n\n\n\n<p>Der Anbieter gibt auf seinen Seiten auch hilfreiche Tipps zur Saatgutwahl f\u00fcr einen bestimmten Standort und stellt umfangreiche Anleitungen zum richtigen Eins\u00e4en und zur Pflege der Bl\u00fchfl\u00e4chen bereit. <br>Wir halten das f\u00fcr absolut lesenswert!<\/p>\n\n\n\n<h3 class=\"wp-block-heading\">Saaten-Zeller<\/h3>\n\n\n\n<p>Auch<strong> Saaten Zeller<\/strong> (<a href=\"http:\/\/www.saaten-zeller.de\">www.saaten-zeller.de<\/a>, <a href=\"http:\/\/www.wildackershop.de\">www.wildackershop.de<\/a>) produziert und vertreibt Mischungen aus regionalem Wildgr\u00e4ser- und Wildstaudensaatgut. Besonders bekannt ist die Veitsh\u00f6chheimer Bienenweide, auch eine Mischung f\u00fcr kr\u00e4ftige Bl\u00fchfl\u00e4chen auf einem breiten Bodenspektrum. <\/p>\n\n\n\n<p>Auch hier sind hilfreiche Tipps zur Saatgutwahl und umfangreiche Anleitungen zum richtigen Eins\u00e4en und zur Pflege der Bl\u00fchfl\u00e4chen bereitgestellt. Auch das halten wir f\u00fcr absolut lesenswert!<\/p>\n\n\n\n<h3 class=\"wp-block-heading\">Staudeng\u00e4rtnerei Gai\u00dfmayer GmbH &amp; Co. KG <\/h3>\n\n\n\n<p>Eine sehr gute \u00dcbersicht \u00fcber Stauden f\u00fcr einen insektenfreundlichen Garten bietet die <strong>Staudeng\u00e4rtnerei Gaysmayer<\/strong> (<a href=\"http:\/\/www.gaissmayer.de\">www.gaissmayer.de<\/a>)<\/p>\n\n\n\n<h3 class=\"wp-block-heading\">Staudeng\u00e4rtnerei Augustin<\/h3>\n\n\n\n<p>Wer lieber lokal kauft, bekommt dieselben Pflanzen sicher auch bei der <strong>Staudeng\u00e4rtnerei Augustin<\/strong> (<a href=\"http:\/\/www.stauden-augustin.de\">www.stauden-augustin.de<\/a>) in Effeltrich.<\/p>\n\n\n\n<h3 class=\"wp-block-heading\">R\u00fchlemanns Kr\u00e4uter und Duftpflanzen<\/h3>\n\n\n\n<p>Wer sich f\u00fcr Kr\u00e4uter interessiert, dem empfehlen wir <strong>R\u00fchlemanns Kr\u00e4uter und Duftpflanzen<\/strong> ( <a rel=\"noreferrer noopener\" aria-label=\"www.kraeuter-und-duftpflanzen.de (\u00f6ffnet in neuem Tab)\" href=\"http:\/\/www.kraeuter-und-duftpflanzen.de\" target=\"_blank\">www.kraeuter-und-duftpflanzen.de<\/a>). Die Pflanzen sind gut beschrieben, es gibt auch einen eigenen Bereich f\u00fcr Bienen- und Hummelpflanzen.<\/p>\n\n\n\n<h3 class=\"wp-block-heading\">Verberghe Blumenzwiebeln<\/h3>\n\n\n\n<p>Die Firma <strong>Verberghe Blumenzwiebeln<\/strong> (<a href=\"http:\/\/www.blumenzwiebel.nl\">www.blumenzwiebel.nl<\/a>) vermehrt sehr viele Wildsorten an Krokussen und Wildtulpen, sie haben auch die Weinbergtulpe im Sortiment (Tulipa sylvestris), die gerne von Wildbienen beflogen wird.<br>Auch haben sie Arten von Herbstkrokussen und Blumenlauch, diese m\u00fcssen ab Sommer schon bestellt werden, damit der Herbstkrokus in diesem Jahr noch zur Bl\u00fcte kommt.<\/p>\n\n\n\n<h3 class=\"wp-block-heading\">Bingenheimer Saatgut <\/h3>\n\n\n\n<p>Bio-Saatgut, sowohl f\u00fcr Bl\u00fchpflanzen als auch f\u00fcr den Gartenbau, bieten <strong>Bingenheimer Saatgut<\/strong> (<a href=\"http:\/\/www.bingenheimersaatgut.de\">www.bingenheimersaatgut.de<\/a>). Und von leckerem Gem\u00fcse aus dem eigenen Garten haben nicht nur die Isekten was.<\/p>\n\n\n\n<h3 class=\"wp-block-heading\">Sativa Biosaatgut <\/h3>\n\n\n\n<p>Bio-Saatgut f\u00fcr den Hausgarten sowie den professionellen Gartenbau und auch f\u00fcr die Landwirtschaft liefert <strong>Sativa Biosaatgut<\/strong> (<a href=\"http:\/\/www.sativa-biosaatgut.de\">www.sativa-biosaatgut.de<\/a>). Auf dieser Seite umsehen lohnt sich sicher.<\/p>\n","protected":false},"excerpt":{"rendered":"<p>H\u00e4ufig werden wir gefragt, welches Saatgut oder welche Pflanzen f\u00fcr einen insektenfreundlichen Garten geeignet und wo diese zu bekommen sind. Nachfolgend eine kleine \u00dcbersicht, die sicher nicht vollst\u00e4ndig ist, aber als erste Orientierung dienen kann.Wir erhalten von den genannten Firmen im \u00dcbrigen keinerlei Zuwendungen, die \u00dcbersicht ist bei unseren Recherchen zur Beschaffung von Saatgut und &hellip; <\/p>\n<p class=\"link-more\"><a href=\"http:\/\/bluehendes-igensdorf.de\/?page_id=133\" class=\"more-link\"><span class=\"screen-reader-text\">\u201eTipps f\u00fcr bl\u00fchende G\u00e4rten\u201c<\/span> weiterlesen<\/a><\/p>\n","protected":false},"author":1,"featured_media":0,"parent":0,"menu_order":0,"comment_status":"closed","ping_status":"closed","template":"","meta":{"footnotes":""},"class_list":["post-133","page","type-page","status-publish","hentry"],"_links":{"self":[{"href":"http:\/\/bluehendes-igensdorf.de\/index.php?rest_route=\/wp\/v2\/pages\/133","targetHints":{"allow":["GET"]}}],"collection":[{"href":"http:\/\/bluehendes-igensdorf.de\/index.php?rest_route=\/wp\/v2\/pages"}],"about":[{"href":"http:\/\/bluehendes-igensdorf.de\/index.php?rest_route=\/wp\/v2\/types\/page"}],"author":[{"embeddable":true,"href":"http:\/\/bluehendes-igensdorf.de\/index.php?rest_route=\/wp\/v2\/users\/1"}],"replies":[{"embeddable":true,"href":"http:\/\/bluehendes-igensdorf.de\/index.php?rest_route=%2Fwp%2Fv2%2Fcomments&post=133"}],"version-history":[{"count":12,"href":"http:\/\/bluehendes-igensdorf.de\/index.php?rest_route=\/wp\/v2\/pages\/133\/revisions"}],"predecessor-version":[{"id":145,"href":"http:\/\/bluehendes-igensdorf.de\/index.php?rest_route=\/wp\/v2\/pages\/133\/revisions\/145"}],"wp:attachment":[{"href":"http:\/\/bluehendes-igensdorf.de\/index.php?rest_route=%2Fwp%2Fv2%2Fmedia&parent=133"}],"curies":[{"name":"wp","href":"https:\/\/api.w.org\/{rel}","templated":true}]}}